mon factor of 102 and 34?
34
Calculate the highest common divisor of 1656 and 4232.
184
What is the greatest common divisor of 1978 and 387?
43
Calculate the highest common divisor of 4088 and 8.
8
What is the greatest common divisor of 63 and 56?
7
What is the greatest common divisor of 15 and 1995?
15
What is the highest common divisor of 50 and 275?
25
Calculate the highest common divisor of 7224 and 12.
12
What is the highest common divisor of 190 and 532?
38
Calculate the greatest common divisor of 912 and 2052.
228
Calculate the greatest common factor of 848 and 159.
53
What is the greatest common factor of 1537 and 106?
53
What is the greatest common divisor of 50575 and 175?
175
Calculate the highest common factor of 17 and 10608.
17
What is the greatest common factor of 5842 and 46?
46
What is the greatest common factor of 37 and 703?
37
Calculate the highest common factor of 10494 and 36.
18
What is the greatest common divisor of 80 and 128?
16
Calculate the greatest common factor of 303 and 2525.
101
What is the greatest common factor of 595 and 2040?
85
What is the greatest common divisor of 11 and 715?
11
Calculate the greatest common factor of 52 and 13.
13
Calculate the highest common divisor of 10 and 2245.
5
What is the highest common divisor of 120 and 10?
10
Calculate the greatest common divisor of 24090 and 1320.
330
Calculate the greatest common factor of 94 and 1551.
47
What is the highest common divisor of 36 and 522?
18
What is the highest common factor of 30392 and 655?
131
Calculate the highest common divisor of 26 and 6292.
26
Calculate the greatest common factor of 5340 and 60.
60
What is the greatest common divisor of 37 and 1887?
37
What is the greatest common divisor of 222 and 16206?
222
What is the highest common divisor of 400 and 60?
20
What is the highest common divisor of 76 and 12521?
19
Calculate the highest common factor of 505 and 75.
5
What is the highest common divisor of 927 and 27?
9
What is the highest common divisor of 24 and 12?
12
Calculate the highest common factor of 808 and 3.
1
Calculate the highest common factor of 30 and 7290.
30
What is the greatest common divisor of 67 and 3283?
67
What is the highest common divisor of 135 and 17280?
135
What is the greatest common divisor of 2030 and 280?
70
What is the highest common divisor of 2 and 334?
2
Calculate the highest common divisor of 54 and 99.
9
What is the greatest common divisor of 72 and 24?
24
What is the greatest common factor of 67 and 8509?
67
Calculate the highest common divisor of 21353 and 652.
163
What is the greatest common divisor of 12 and 4?
4
What is the highest common factor of 368 and 2162?
46
Calculate the highest common divisor of 340 and 748.
68
What is the highest common divisor of 28 and 77?
7
What is the highest common divisor of 112 and 3472?
112
Calculate the highest common divisor of 14740 and 536.
268
Calculate the highest common divisor of 688 and 258.
86
What is the highest common factor of 14 and 532?
14
What is the greatest common factor of 189 and 161?
7
Calculate the greatest common factor of 65 and 4160.
65
What is the highest common factor of 625 and 5?
5
Calculate the highest common factor of 672 and 24.
24
What is the greatest common divisor of 161 and 7?
7
What is the greatest common divisor of 609 and 273?
21
What is the highest common factor of 1575 and 693?
63
Calculate the highest common divisor of 66 and 33.
33
What is the highest common factor of 91 and 23023?
91
Calculate the highest common divisor of 705 and 12831.
141
Calculate the greatest common factor of 23 and 5129.
23
Calculate the highest common factor of 77 and 1001.
77
Calculate the greatest common divisor of 374 and 44.
22
Calculate the greatest common divisor of 60 and 60.
60
Calculate the highest common factor of 3060 and 9.
9
Calculate the highest common divisor of 1738 and 22.
22
What is the greatest common divisor of 215 and 4128?
43
What is the greatest common factor of 34 and 119?
17
Calculate the greatest common factor of 234 and 52.
26
Calculate the highest common factor of 1452 and 12.
12
What is the highest common divisor of 1122 and 6?
6
Calculate the highest common factor of 2101 and 11.
11
Calculate the highest common factor of 12 and 141.
3
Calculate the greatest common divisor of 198 and 836.
22
What is the greatest common factor of 8 and 472?
8
What is the greatest common divisor of 10 and 130?
10
Calculate the greatest common divisor of 132 and 24772.
44
What is the highest common divisor of 3008 and 128?
64
What is the greatest common divisor of 50 and 475?
25
Calculate the highest common divisor of 1179 and 524.
131
What is the highest common factor of 592 and 12?
4
Calculate the highest common factor of 3350 and 50.
50
Calculate the greatest common divisor of 190 and 610.
10
Calculate the highest common factor of 471 and 2041.
157
What is the highest common divisor of 90 and 2034?
18
Calculate the highest common factor of 147 and 6223.
49
Calculate the highest common factor of 40 and 184.
8
What is the highest common factor of 32 and 416?
32
What is the greatest common divisor of 1034 and 188?
94
What is the greatest common factor of 32 and 128?
32
What is the greatest common divisor of 220 and 990?
110
Calculate the greatest common factor of 4368 and 35.
7
Calculate the highest common divisor of 1793 and 11.
11
Calculate the highest common factor of 81400 and 200.
200
Calculate the highest common factor of 7740 and 60.
60
What is the greatest common divisor of 275 and 1600?
25
What is the greatest common divisor of 17 and 3961?
17
What is the highest common divisor of 88 and 22?
22
Calculate the highest common factor of 4687 and 43.
43
Calculate the highest common factor of 1551 and 33.
33
Calculate the greatest common factor of 16562 and 1690.
338
What is the greatest common factor of 1472 and 115?
23
What is the greatest common divisor of 185 and 39035?
185
What is the greatest common factor of 468 and 72?
36
What is the greatest common factor of 2422 and 56?
14
What is the greatest common factor of 9 and 81?
9
Calculate the greatest common factor of 20 and 810.
10
What is the greatest common factor of 182 and 104?
26
What is the greatest common divisor of 2790 and 810?
90
What is the greatest common factor of 4360 and 120?
40
Calculate the highest common divisor of 20 and 130.
10
What is the greatest common divisor of 110 and 605?
55
Calculate the highest common factor of 32 and 28.
4
What is the highest common divisor of 3009 and 153?
51
What is the highest common factor of 22 and 1639?
11
Calculate the highest common factor of 36 and 19764.
36
What is the greatest common factor of 30 and 750?
30
Calculate the greatest common factor of 32 and 1352.
8
What is the greatest common factor of 3627 and 585?
117
What is the highest common factor of 99 and 528?
33
What is the highest common factor of 26 and 3406?
26
What is the highest common factor of 459 and 117?
9
What is the greatest common divisor of 3074 and 106?
106
What is the greatest common divisor of 18 and 54?
18
What is the highest common factor of 37 and 37?
37
Calculate the highest common divisor of 31 and 2263.
31
What is the greatest common factor of 67 and 6901?
67
Calculate the greatest common factor of 195 and 2223.
39
What is the greatest common divisor of 26 and 35698?
26
What is the highest common divisor of 264 and 1672?
88
Calculate the greatest common factor of 4465 and 380.
95
What is the greatest common divisor of 187 and 4267?
17
Calculate the greatest common factor of 510 and 4250.
170
What is the highest common factor of 230 and 5635?
115
What is the greatest common divisor of 14 and 14?
14
What is the greatest common factor of 405 and 90?
45
What is the highest common factor of 498 and 16600?
166
What is the greatest common factor of 20 and 19540?
20
What is the greatest common divisor of 540 and 252?
36
What is the greatest common factor of 29 and 551?
29
What is the highest common factor of 612 and 1800?
36
What is the highest common factor of 455 and 195?
65
Calculate the greatest common factor of 1239 and 14.
7
What is the greatest common divisor of 639 and 71?
71
What is the highest common divisor of 119 and 3269?
7
Calcula